?
False
Does 50 divide 8319384?
False
Is 22 a factor of 298518?
True
Does 70 divide 2637351?
False
Does 13 divide 183898?
True
Is 2708209 a multiple of 42?
False
Is 354 a factor of 182810?
False
Is 3 a factor of 13514?
False
Is 2082361 a multiple of 9?
False
Is 433796 a multiple of 22?
True
Is 72884 a multiple of 274?
True
Is 238911 a multiple of 116?
False
Is 19 a factor of 156682?
False
Is 11 a factor of 160177?
False
Is 149705 a multiple of 6?
False
Is 480236 a multiple of 211?
True
Is 333 a factor of 126631?
False
Is 6 a factor of 13248?
True
Is 10 a factor of 986345?
False
Is 1411 a factor of 38228223?
True
Does 191 divide 75063?
True
Is 1921 a factor of 4543763?
False
Is 523 a factor of 805701?
False
Is 214644 a multiple of 62?
True
Does 5 divide 36520?
True
Does 395 divide 10622735?
True
Does 17 divide 2843554?
False
Is 10 a factor of 114330?
True
Does 221 divide 506599?
False
Is 7 a factor of 3406?
False
Does 93 divide 181264?
False
Is 169 a factor of 636148?
False
Does 443 divide 55792?
False
Is 774336 a multiple of 26?
False
Does 339 divide 2940560?
False
Is 16 a factor of 1211072?
True
Is 33 a factor of 753654?
True
Does 19 divide 52877?
True
Is 7994851 a multiple of 78?
False
Is 92966 a multiple of 23?
True
Does 1256 divide 568794?
False
Is 1172456 a multiple of 136?
True
Does 126 divide 297018?
False
Is 80 a factor of 782413?
False
Is 626 a factor of 6383322?
True
Is 6079 a multiple of 10?
False
Is 12 a factor of 830025?
False
Does 20 divide 1873800?
True
Is 52 a factor of 21978892?
True
Is 296 a factor of 769304?
True
Is 87 a factor of 333036?
True
Does 9 divide 7053709?
False
Does 1626 divide 13507182?
True
Does 12 divide 5759844?
True
Does 80 divide 6527189?
False
Is 6 a factor of 100270?
False
Is 5 a factor of 3078223?
False
Is 1743022 a multiple of 19?
True
Is 5 a factor of 47925?
True
Does 372 divide 166656?
True
Is 32 a factor of 59648?
True
Does 56 divide 46928?
True
Is 165 a factor of 147345?
True
Does 267 divide 267023?
False
Is 770790 a multiple of 698?
False
Is 347 a factor of 983952?
False
Is 220 a factor of 8017900?
True
Does 10 divide 397738?
False
Does 9 divide 91611?
True
Is 4 a factor of 6017?
False
Is 10770 a multiple of 33?
False
Is 58 a factor of 245699?
False
Is 86490 a multiple of 5?
True
Is 30500 a multiple of 9?
False
Does 542 divide 1999992?
False
Is 295 a factor of 280545?
True
Is 204 a factor of 99846?
False
Is 264 a factor of 5742058?
False
Is 3 a factor of 396009?
True
Is 203269 a multiple of 23?
False
Does 666 divide 279720?
True
Is 1278865 a multiple of 168?
False
Does 39 divide 23790?
True
Is 29350 a multiple of 25?
True
Is 41 a factor of 2410062?
True
Does 137 divide 54937?
True
Does 47 divide 201958?
False
Is 11452174 a multiple of 38?
True
Does 34 divide 366792?
True
Does 382 divide 716632?
True
Is 122929 a multiple of 60?
False
Is 84379 a multiple of 19?
True
Does 33 divide 1497540?
True
Is 566261 a multiple of 325?
False
Is 525 a factor of 10081050?
True
Does 124 divide 416392?
True
Is 8146007 a multiple of 6?
False
Does 7 divide 280689?
False
Is 26 a factor of 163927?
False
Is 20 a factor of 3543980?
True
Is 217 a factor of 823298?
True
Is 148181 a multiple of 24?
False
Is 3173921 a multiple of 92?
False
Does 292 divide 67856?
False
Is 206 a factor of 871626?
False
Is 44790 a multiple of 6?
True
Is 16 a factor of 3570851?
False
Is 60 a factor of 314340?
True
Is 190 a factor of 968240?
True
Is 79 a factor of 1115717?
True
Is 417642 a multiple of 605?
False
Is 4 a factor of 518848?
True
Is 3643875 a multiple of 41?
True
Does 16 divide 4713536?
True
Is 190696 a multiple of 11?
True
Is 20 a factor of 309531?
False
Is 167 a factor of 116232?
True
Is 81 a factor of 1169339?
False
Is 335154 a multiple of 673?
True
Is 386 a factor of 182192?
True
Is 64 a factor of 20352?
True
Does 6 divide 1329?
False
Is 240098 a multiple of 75?
False
Does 62 divide 1212753?
False
Is 60 a factor of 2657640?
True
Does 1346 divide 6343698?
True
Is 849900 a multiple of 132?
False
Is 57 a factor of 128763?
True
Is 4038841 a multiple of 212?
False
Is 8 a factor of 10078?
False
Is 133401 a multiple of 125?
False
Is 13 a factor of 5896449?
True
Is 1594 a factor of 15957979?
False
Is 105 a factor of 791207?
False
Is 11 a factor of 146606?
False
Is 2249130 a multiple of 790?
True
Does 140 divide 6055560?
True
Is 294 a factor of 29106?
True
Is 2577054 a multiple of 20?
False
Does 176 divide 1349391?
False
Is 147178 a multiple of 142?
False
Does 209 divide 1685?
False
Does 364 divide 10879875?
False
Is 18114 a multiple of 21?
False
Is 282 a factor of 2865403?
False
Does 39 divide 2283957?
True
Is 476859 a multiple of 10?
False
Is 1764145 a multiple of 47?
True
Is 6712951 a multiple of 13?
False
Is 314622 a multiple of 7?
True
Is 2 a factor of 21707?
False
Does 202 divide 74336?
True
Does 235 divide 499078?
False
Is 176 a factor of 152047?
False
Is 451 a factor of 746856?
True
Is 1662542 a multiple of 715?
False
Does 72 divide 3428496?
True
Does 54 divide 3894642?
True
Is 2664563 a multiple of 52?
False
Is 45447 a multiple of 139?
False
Does 23 divide 611846?
True
Is 270 a factor of 3343576?
False
Is 11 a factor of 26569?
False
Is 508 a factor of 1279652?
True
Does 4 divide 40824?
True
Is 227238 a multiple of 343?
False
Is 231688 a multiple of 122?
False
Is 7749 a multiple of 21?
True
Is 40001 a multiple of 63?
False
Is 79278 a multiple of 73?
True
Is 1612 a multiple of 3?
False
Does 12 divide 1135956?
True
Does 8 divide 298168?
True
Is 53952 a multiple of 141?
False
Does 216 divide 4484592?
True
Is 3723775 a multiple of 55?
True
Is 135007 a multiple of 20?
False
Does 32 divide 4890464?
True
Is 917604 a multiple of 426?
True
Is 1099091 a multiple of 752?
False
Is 6 a factor of 148858?
False
Does 48 divide 341648?
False
Is 4763 even?
False
Is 74734 even?
True
Is 11 a factor of 2956609?
False
Does 32 divide 748783?
False
Does 22 divide 477828?
False
Does 187 divide 2302344?
True
Is 202817 a multiple of 197?
False
Is 19942 a multiple of 32?
False
Is 167957 a multiple of 65?
False
Is 16 a factor of 8113632?
True
Does 881 divide 56384?
True
Is 152154 a multiple of 18?
True
Does 351 divide 650989?
False
Does 10 divide 265366?
False
Is 42379 a multiple of 30?
False
Does 697 divide 31735?
False
Does 8 divide 268380?
False
Is 108951 a multiple of 4?
False
Is 106175 a multiple of 5?
True
Is 12 a factor of 331308?
True
Does 296 divide 4871272?
True
Is 65282 a multiple of 12?
False
Is 163 a factor of 39888?
False
Is 132790 a multiple of 49?
True
Is 39938 a multiple of 206?
False
Is 683 a factor of 1683595?
True
Is 140928 a multiple of 48?
True
Is 4 a factor of 127436?
True
Is 4729015 a multiple of 45?
False
Is 15 a factor of 88232?
False
Is 32443109 a multiple of 531?
False
Is 717394 a multiple of 46?
False
Does 174 divide 108989?
False
Does 57 divide 1150238?
False
Is 1113117 a multiple of 51?
False
Is 3 a factor of 10047?
True
Is 13 a factor of 67847?
True
Does 5 divide 914067?
False
Does 22 divide 10196494?
True
Does 1179 divide 2656560?
False
Is 27 a factor of 9766089?
True
Does 170 divide 130560?
True
Is 191890 even?
True
Is 17 a factor of 2190783?
False
Is 1269668 a multiple of 113?
True
Is 745610 a multiple of 261?
False
Is 15 a factor of 518521?
False
Is 6144808 a multiple of 4?
True
Does 39 divide 4193787?
True
Is 742044 a multiple of 285?
False
Is 203 a factor of 262407?
False
Does 55 divide 21230?
True
Does 329 divide 256019?
False
Is 1401304 a multiple of 334?
False
Does 14 divide 105931?
False
Does 158 divide 258646?
True
Is 265 a factor of 429035?
True
Is 36 a factor of 6305436?
True
Is 194 a factor of 257524?
False
Is 56789 a multiple of 19?
False
Is 533959 a multiple of 88?
False
Does 19 divide 15143?
True
Is 3782468 a multiple of 9?
False
Is 535 a factor of 118770?
True
Does 13 divide 388831?
False
Is 421 a factor of 742571?
False
Is 56 a factor of 226352?
True
Is 17 a factor of 24939?
True
Is 2 a factor of 302196?
True
Is 5905831 a multiple of 146?
False
Is 4 a factor of 53340?
True
Is 809954 a multiple of 953?
False
Is 36 a factor of 17739?
False
Is 10 a factor of 2477766?
False
Does 227 divide 244479?
True
Does 3 divide 170328?
True
Is 253 a factor of 475437?
False
Does 73 divide 1366341?
True
Is 866523 a multiple o